e tens digit of s?
3
Let t(f) = 16*f**3 + 4*f**2 - 5*f - 5. Let n(j) = -j**3 - j**2 + j + 1. Let i(d) = -6*n(d) - t(d). What is the tens digit of i(-2)?
8
Let w = 12 + -7. Suppose w*a - a = 72. What is the units digit of a?
8
Suppose x - 35 = m + 17, 3*m - x = -164. Suppose -4*y = -8*y + 356. Let d = m + y. What is the units digit of d?
3
Let m = 1863 + 2014. What is the tens digit of m?
7
Suppose 6*r + 60 = 8*r. Suppose o + r = 106. What is the units digit of o?
6
Let u = 50 + -26. Let o = u - -18. Let y = 0 + o. What is the units digit of y?
2
Suppose -a - 49*b + 45*b + 215 = 0, -4*b + 418 = 2*a. What is the hundreds digit of a?
2
Let i = -108 + 70. Let q = i + 214. What is the tens digit of q?
7
Let g be (9/4)/((-3)/(-8)). Let b = 2 - -1. Let k = g - b. What is the units digit of k?
3
Let o = 61 - -1186. What is the thousands digit of o?
1
Let y(u) = u**2 - 14*u - 1. Let k(o) be the first derivative of o**3/3 + 11*o**2/2 + 3*o - 5. Let q be k(-12). What is the units digit of y(q)?
4
Let i = 1087 + -560. What is the hundreds digit of i?
5
Let g(q) = 2*q. Let n be g(1). Suppose 5*y - 788 = -2*b, -2*y + 620 = n*y - b. Suppose -3*v + 6*v = y. What is the tens digit of v?
5
Let q be 2/(-3)*(-195)/(-10). Let o = q - -15. Suppose -w + 33 = v, 132 = 6*v - o*v - 4*w. What is the units digit of v?
3
Suppose 0*h = -3*p - h + 410, -4*p - 5*h + 532 = 0. Suppose p = -2*q + 3*q. Suppose -3*v + q = 51. What is the units digit of v?
9
Let g = 3158 + 2376. What is the hundreds digit of g?
5
Let m(w) = w**3 + 3*w**2 - w - 2. Let i be m(-3). Let h be 29/(i/4 - 0). Suppose -z = -5*z + h. What is the units digit of z?
9
Let m(x) = 7*x**3 + 5*x**2 - 5*x. Let p = 16 + -22. Let q(i) = 15*i**3 + 11*i**2 - 11*i. Let w(z) = p*q(z) + 13*m(z). What is the tens digit of w(3)?
2
Suppose 6*k = 4*k - 12. Let m be (-1044)/k*1/(-2). What is the units digit of (-12)/30 + m/(-5)?
7
Suppose 0 = -0*w + 2*w - 176. Let m = -94 - -58. What is the units digit of (-9)/(m/w) + -3?
9
Suppose 5*h + 5*w = -0*w + 4605, -w - 4599 = -5*h. Suppose -15*a + 7*a = -h. What is the tens digit of a?
1
Suppose -20*w - 6 = -21*w. Suppose 3*z - w = 12. Suppose z*j - 2*j - 40 = 0. What is the units digit of j?
0
Let i be ((-2)/(-6))/(10/90). Suppose i*a = 8*a - 175. What is the units digit of a?
5
Suppose -4*y = -0*j + 3*j - 35, -5*j - 4*y + 45 = 0. Suppose -j*f + 0*f = -375. What is the units digit of f?
5
Let l = 14 - 8. Suppose 0 = l*i - 2 + 14. What is the units digit of 1 - (2 - (i + 11))?
8
What is the tens digit of (5 - 4)/(2/86)?
4
Suppose -86*i = -51*i - 97965. What is the hundreds digit of i?
7
Suppose -4*y + 2*d - 14 = 0, -2*y + 5*d - 18 = 9. Let q be 16 + 1*(1 - y). What is the units digit of q - -6*(-3)/(-6)?
1
Let o = -1389 + 2379. What is the hundreds digit of o?
9
Let t(v) = -v**3 - 5*v**2 + 2. Let q be t(-5). Suppose -4*n + q*j - j = -245, -2*j = 3*n - 170. What is the units digit of n?
0
Suppose -4*a = -8*a + 1280. Let i = a + -150. What is the units digit of i?
0
Suppose 0 = 2*x + 4*c - 1018, 5*x - 2531 = 3*c + c. Let r = x + -292. What is the tens digit of r?
1
Let q(y) = 127*y - 5. Let f be q(2). Let r = -100 + f. What is the units digit of r?
9
Suppose -49998 = -14*p - 18162. What is the hundreds digit of p?
2
Let g be 4 - (-2)/(2/41). Let q = 99 - g. What is the tens digit of q?
5
Let y(p) = 18*p. Let f be y(8). Let m = -44 + f. Let q = m - 58. What is the units digit of q?
2
Suppose -v + 1699 - 399 = 0. What is the hundreds digit of v?
3
Suppose -1401 = -3*f + 4*m, 0 = f + 8*m - 3*m - 448. What is the units digit of f?
3
Let p = -78 - -123. Suppose -129 = -7*r - p. What is the units digit of r?
2
Suppose 8*f + 108 = 4*f. Let s = 24 + f. What is the tens digit of 5 + 10 + s/1?
1
Let p be 2 - (-5 + (-1 - -3)). Suppose 10*r + 2*l = 5*r + 30, -p*l = 3*r + 1. Suppose 0 = 9*w - r*w - 22. What is the units digit of w?
2
Let o(s) = -s**3 + 23*s**2 + 4*s - 12. What is the hundreds digit of o(13)?
7
Suppose 4*f - 5 = a, -4*f + 0*a - 5*a = -23. Let z(p) = 0*p**2 + 7 + 6*p + 0*p**f - 16*p + p**2. What is the units digit of z(10)?
7
Suppose 2*i = -2*c + 822, -2*i + 2054 = 3*i + 4*c. Suppose 6*f - i = 286. What is the hundreds digit of f?
1
Let t(a) = a**3 + 8*a**2 + 7*a - 6. Let d be t(-6). What is the tens digit of 1340/d - 2/(-12)?
5
Suppose -61*v - 4470 = -76*v. What is the hundreds digit of v?
2
Suppose 6*r - 5*r = 1112. What is the thousands digit of r?
1
Let d be 3 + -4 - (2 + -1). Let u = d + 109. What is the units digit of u?
7
Suppose -2069 = -5*a + 2*f, -a + 5*a + 5*f - 1675 = 0. What is the hundreds digit of a?
4
Let h(u) = u**2 - 72*u + 1 + 72*u. Let y be h(-1). Suppose 2*o + y*o = 68. What is the units digit of o?
7
Suppose f - 3*f = 16. Let s(x) = x**3 + 8*x**2 + x + 11. Let t be s(f). Suppose 28 = l - 3*v, 5*l - t*v - 92 = 24. What is the units digit of l?
2
Suppose 0*x + 48 = 2*x. Let h = x + 45. What is the tens digit of h?
6
Suppose 0 = -4*s + 4*n + 623 + 2709, -n + 4135 = 5*s. Let d be (s/27)/(1/3). Let c = d + -55. What is the units digit of c?
7
Let g be ((-1)/3)/((-1)/(-3))*-686. Suppose g = 16*m - 1186. What is the tens digit of m?
1
Let z = 116 + -50. Suppose -2*w + 184 = -z. What is the hundreds digit of w?
1
Let k be (-9)/(0 - 1) - 4. Suppose 0 = -k*u + u + 12. Suppose 49 + 0 = h - 5*g, -u*h - 5*g = -147. What is the tens digit of h?
4
Let u(v) = 2*v. Let l be u(-1). Let z = l + 5. Suppose z*p = 5*q + 16 + 21, 4*p + 2*q = 58. What is the units digit of p?
4
Suppose 32*c + 18612 = 41*c. What is the hundreds digit of c?
0
Suppose 9 - 30 = -7*x. Suppose -x*s = 4*d - 3, -4*s + 4*d + 30 = -2. Let i(b) = 2*b**2 + 3*b - 2. What is the tens digit of i(s)?
6
Suppose -c + 2*f = 3, 2*f = 5*c + f - 12. Suppose -3*x + 104 = 2*l - 212, -3*x - c*l + 321 = 0. What is the hundreds digit of x?
1
Suppose 4*o - 4*i = -252, 62 = 2*o + i + 188. Let f be o/(-13) - (-2)/13. Suppose 43 = 2*k + f. What is the units digit of k?
9
Let g(o) = 4*o**3 + o**2 - 1. Let j be g(1). Suppose -72 = 7*p - j*p. What is the units digit of (-436)/p + 2/(-12)?
8
Suppose 2*j = g - 264, -g + 5*j + 126 + 126 = 0. What is the tens digit of g?
7
Let a(k) = 20 - 2 + 26*k - 17*k + 16*k. What is the hundreds digit of a(6)?
1
Suppose w = 11 + 10. Suppose 3*t = -2*m + w, -2 = -2*m + t - 1. Suppose m*y - 42 = -4*c - 0*c, -3*c + 9 = 0. What is the tens digit of y?
1
What is the hundreds digit of 1 + 0 - ((-925)/1)/5?
1
Let j be 22/12 + (-14)/(-84). Suppose -4*l + j*l = -106. What is the units digit of l?
3
Let g = 206 - -17. Let p = g + -92. What is the tens digit of p?
3
Let w(q) = q**2 - 14*q - 74. What is the tens digit of w(-21)?
6
Let a(i) = -i + 3. Let g be a(11). Let q(l) = -l**2 - 7*l + 11. Let z be q(g). Suppose 2*d - 66 = -3*u + d, 0 = -z*u - 3*d + 60. What is the units digit of u?
3
Let m = -165 + 2353. What is the thousands digit of m?
2
Let z be -7 + 0 - (-5 - -2). Let c(a) = -a**3 - 3*a**2 + 3*a. Let f be c(z). Suppose -4*i + 2*k + 136 = -k, -201 = -5*i - f*k. What is the units digit of i?
7
Suppose 294*v + 7 = 287*v. Let s(i) = 37*i**3 - 3*i**2 + 2. Let l(w) = -38*w**3 + 4*w**2 + w - 2. Let n(r) = -3*l(r) - 4*s(r). What is the units digit of n(v)?
5
Let g = 18 - 4. Suppose 5*j - g = 31. Let m = 25 - j. What is the units digit of m?
6
Let x = 9613 + -4307. What is the tens digit of x?
0
Let t = 588 + 1558. What is the thousands digit of t?
2
Let k = -17 + 33. Suppose -4*s + 306 + 182 = 2*y, 0 = 4*y + k. What is the units digit of s?
4
Let d(x) be the second derivative of -8*x - 3*x**2 + 2/3*x**4 + 1/6*x**3 + 0. What is the tens digit of d(-3)?
6
Suppose -61*z + 1989 = -58*z. What is the tens digit of z?
6
Let z = 35 - 27. Suppose -130 = z*d - 330. What is the tens digit of d?
2
Let w(n) = -n**3 + 2*n**2 + 4*n - 2. Let i(q) be the third derivative of q**4/12 + 13*q**3/6 + 8*q**2. Let t be i(-5). What is the units digit of w(t)?
1
Let s be 1/2 - (126/(-12) + 4). Suppose s*a + 4*a = 110. What is the tens digit of a?
1
Let z(d) = 17*d**2 + 25*d - 10. What is the thousands digit of z(-11)?
1
Suppose b + 13 = -3*d, b = -2*b - 2*d - 18. What is the units digit of (-15)/(b - 92/(-24))?
0
Let i = -3 + 67. Let l = -22 + i. Let v = -17 + l. What is the units digit of v?
5
Suppose -76 + 21 = -5*f. Suppose -72 = -